 c(f) = 23*f - 50. Let n be c(q). Calculate the greatest common factor of 52 and n.
13
Suppose 4*z - g - 6 = g, 3*g - 1 = z. Let q(a) = 4*a**2 + 7*a - 5. Let c be q(z). Calculate the greatest common factor of c and 15.
5
Suppose -2*m + 17 = 5*w, -111*w + 113*w - 95 = -5*m. Suppose -305 - 157 = -2*z. Calculate the greatest common divisor of z and m.
21
Let a(l) = l**3 + 20*l**2 - 61*l - 248. Let w be a(-22). What is the greatest common factor of w and 98?
14
Let f(s) = -11*s - 26. Let k(p) = 5*p + 13. Let q(z) = 4*f(z) + 9*k(z). Let h be q(8). Suppose -10*a = -231 + h. Calculate the highest common factor of 3 and a.
3
Let o(h) = -3*h**3 - 10*h**2 - 14*h + 11. Let g be o(-3). Calculate the greatest common factor of g and 3124.
44
Suppose 8*o - 270 = -o. Let g(w) = 5*w**2 - 25*w + 90. Let r be g(9). Calculate the greatest common factor of o and r.
30
Suppose s - 4 = 4. Let r(a) = -6*a - 21. Let z be r(5). Let y = z + 55. What is the greatest common factor of y and s?
4
Let x(r) = -r**3 - 23*r**2 + 13*r - 17. Let w be x(-25). Let t = -838 + w. What is the highest common factor of t and 315?
35
Suppose 2*b = 5*h, 0 = h - 0*h. Let q(m) = -2*m + m + 1 + b*m + 2*m. Let z be q(18). What is the highest common divisor of z and 76?
19
Suppose 3*q = 4*s + 7, 2*q - 4*s = s. Suppose -36 = o - g, 147 = -q*o + 3*g - 25. Let j = 36 + o. Calculate the highest common divisor of 44 and j.
4
Suppose 2909 + 8779 = 2*x. Calculate the highest common divisor of 24 and x.
12
Let r be (((-640)/50)/(-16))/(3 + 48403/(-16135)). What is the highest common factor of r and 56?
14
Suppose 78 = c - 4*k, -4*k + 246 = -15*c + 20*c. Calculate the greatest common divisor of 1116 and c.
18
Let x = -176 - -366. Suppose -y + 6*y - 194 = -2*z, -y = -4*z - 30. What is the highest common divisor of y and x?
38
Suppose -2*m = 4*l - 126, 2*m + 0*m + 3*l = 129. Suppose -z + 342 = 3*b, 4*b - 416 = 4*z + 56. Calculate the highest common factor of m and b.
23
Let q be (-1)/6 - 10380/72*-1. Calculate the highest common factor of q and 2952.
72
Let v(j) = -2*j - 4. Let a be v(-3). Suppose 3 = a*m - 5. Suppose 1064 = -m*c + 11*c. What is the highest common divisor of c and 19?
19
Let x(y) = -68*y - 97. Let l be x(-2). Calculate the highest common factor of 3081 and l.
39
Let s be 342/4 + (-3)/2. Let j be 8/(-20)*(-25)/(-4)*(-1386)/55. What is the highest common factor of s and j?
21
Suppose -z - 21 + 53 = 0. Suppose -13*x + 4*v + 52 = -10*x, 2*x - 12 = -3*v. Let h be (x/18)/((-57)/(-18) - 3). What is the highest common factor of z and h?
4
Let g be 1 - 1 - (2 - -215). Let a = g - -385. Let k be 666/36 - (-10)/4. What is the highest common factor of k and a?
21
Let x = -2375 + 2400. What is the greatest common divisor of 175 and x?
25
Let y = 10732 - 6176. Calculate the highest common divisor of 748 and y.
68
Let w(k) = k**2 - 1. Let v be w(2). Suppose 0 = -2*y + 2*z + 12, -4*z = -3*y + v + 10. What is the highest common factor of y and 2?
1
Let k be 11/2 + (-24)/48. Suppose -k*g + 15*g = 1190. Suppose 0 = -5*p - 3*q + 444, g - 29 = p + q. Calculate the highest common divisor of 29 and p.
29
Let x = -3293 - -4398. Calculate the highest common divisor of 975 and x.
65
Let l be (-714)/(-170) - (6/(-10))/(-3). Suppose 20 = 4*y + l*h, 0 = -4*y + 6*h - 8*h + 24. What is the highest common divisor of 84 and y?
7
Let p be 3/(-4) + 121/44. Suppose 0 = 4*f - p*a - 674, -5*f - 373 = -5*a - 1218. Calculate the highest common factor of 72 and f.
24
Let b(o) = 3*o**2 - 19*o + 23. Let d be b(7). Let x = 101 - d. Suppose m - 18 - 30 = 0. What is the greatest common divisor of m and x?
16
Let y(b) = -2*b**2 + 117*b + 131. Let l be y(59). Calculate the highest common divisor of l and 21.
3
Suppose -t + 2*d + 16 = -6, 4*t - 3*d - 83 = 0. Suppose -24*l + 3254 = -12106. What is the highest common divisor of t and l?
20
Let w = -15106 - -15117. Calculate the highest common factor of 52 and w.
1
Let f(z) = 3*z - 33. Let i(c) = -5*c + 50. Let n(l) = -8*f(l) - 5*i(l). Let g be n(-14). Let k = g - -2. Calculate the highest common divisor of 14 and k.
2
Suppose 3*k + v + 3*v - 244 = 0, 3*v - 243 = -3*k. What is the highest common divisor of 1888 and k?
16
Let w = -9891 - -9919. Suppose -29 = -2*x - 5. Calculate the highest common divisor of w and x.
4
Suppose -y + 5*x = -445 + 46, -5*y - x = -2073. Calculate the highest common factor of 81 and y.
9
Suppose 2*f - 4*y - 1 = 11, -10 = 5*y. Let s(i) = 11*i**2 - 8*i + 7. Let g be s(f). Calculate the highest common factor of 63 and g.
7
Suppose -g = -5*h - 82, 71*g = 74*g - 5*h - 226. Calculate the highest common factor of g and 11736.
72
Suppose -13*o - 2160 = 3*o. Let p = -128 - o. Calculate the greatest common factor of 119 and p.
7
Let g(n) = 2*n - 1. Let i = -3 - -7. Let t be g(i). Suppose 83*f - 51*f = -170*f + 202. What is the highest common factor of f and t?
1
Let n = -89 - -95. Suppose -3*t = 8*l - n*l - 320, -4*l - 2*t = -640. Suppose -100 = -2*o - 3*o. What is the highest common divisor of l and o?
20
Suppose 553*d - 1584 = 377*d. What is the highest common factor of 8 and d?
1
Suppose 12 = -3*n, -n + 1066 = 3*q - 964. Let f = -662 + q. What is the highest common factor of 16 and f?
16
Let l be (-7)/(126/(-786)) - (-2)/6. Let a = 1281 + -1277. Calculate the greatest common divisor of a and l.
4
Suppose -5*x - 25149 = -8*x - 5*r, -33619 = -4*x + 3*r. Calculate the highest common divisor of 76 and x.
38
Let l = -29 - -31. Let f(u) = -4*u - u - l*u + 2*u**2 - 10. Let c be f(-4). Calculate the greatest common divisor of c and 5.
5
Let p = 771 - 694. Let h be 670/14 + (-66)/p + 1. Calculate the highest common divisor of 80 and h.
16
Let u(n) = n**2 + 77*n + 1020. Let v be u(-87). What is the highest common divisor of v and 1215?
135
Let i = -58 + 53. Let l be 2*i/30 + (-578)/(-6). Suppose -3*d + l = 3*w, d + 4*w - 4 = 22. What is the greatest common factor of d and 51?
17
Let j = -66 + 147. Let n = j - 75. Let o be 1/(15/25*2/n). What is the highest common factor of 2 and o?
1
Let y(x) = -90*x**3 - 3*x**2 - 2*x + 1. Let m be y(-1). Let w be (-1 - 98)/(312/40 + -8). What is the greatest common factor of w and m?
45
Let j = 38 - 75. Let a = 77 + j. Calculate the greatest common divisor of a and 48.
8
Suppose 79 = w + 4*u, 39*w + 3*u - 228 = 36*w. Calculate the greatest common divisor of 270 and w.
15
Suppose -15*f + 24*f - 2223 = 0. Let x = 269 - f. Calculate the highest common factor of x and 4.
2
Let a = -19 + 24. Suppose 265 = -0*q - a*q. Let v = 98 + q. What is the greatest common divisor of 5 and v?
5
Let x(l) = 324*l**2 + 31*l - 32. Let r be x(1). Let f = r + -261. Calculate the greatest common divisor of 2 and f.
2
Suppose 22*z = 5*z + 4930. Let h be z/2 + (7 - 7). What is the greatest common divisor of h and 5?
5
Let f(g) = 9*g + 2*g**3 - 4*g**2 - 14 - 4*g**2 - 4*g**2 + 5*g**2. Suppose 62*y = 61*y + 4. Let j be f(y). What is the highest common divisor of 19 and j?
19
Let w be -4 - -1 - -10 - 6/2. What is the highest common factor of w and 3?
1
Suppose 3*g = -4*n - 4 - 10, 0 = n - 1. Let k be (-1839)/(-9) + (g/(-9))/(-2). What is the highest common divisor of k and 24?
12
Suppose -12*g + 10*g + 54 = 0. Let a(u) = -29*u + 210. Let j be a(7). Let o = g - j. What is the highest common divisor of o and 120?
20
Let r(m) = 3*m - 54. Let b be r(27). What is the greatest common divisor of b and 120?
3
Let i be 2382/49*63/27 - 4/(-7). What is the highest common divisor of 285 and i?
57
Suppose 32805 + 10262 = 41*o - 26674. What is the highest common factor of o and 63?
63
Let w(r) = -104*r**3 + 4*r**2 - 8*r - 9. Let h be w(-1). What is the greatest common factor of 1391 and h?
107
Suppose 27 = -2*t + 3*t. Let c(f) = -5*f**2 - 29*f + 4. Let h be c(-6). Let r be 17 + (-45)/(-18) + 3/h. Calculate the highest common divisor of r and t.
9
Let m be ((-1)/2)/((-1)/4) - -11. Let b(u) = u**2 + 22*u - 71. Let o be b(m). Calculate the highest common divisor of o and 24.
24
Let l(j) = -j**2 + 2*j + 204. Let u be l(0). Suppose -7*x + x = -u. Let z = -232 - -266. What is the highest common divisor of z and x?
34
Let p be 207 + -207 + (76/2 - 0). Let u be (p/152)/((-2)/16) + 7. Let q(h) = 16*h**2 - h - 1. Let r be q(-2). What is the greatest common factor of r and u?
5
Let f(n) = 5*n**